divided by 77.
10
Let w(y) = 9 + 9*y - 2 + 0 - 1 - 5*y. Calculate the remainder when w(11) is divided by 24.
2
Let a = 1 + -4. Let b(j) = 75 + 67 + 20*j**3 + 2*j**2 + 71 - 210 + 2*j - 24*j**3. Calculate the remainder when b(a) is divided by 25.
23
Let t(d) = -d**3 + 3*d**2 + 9*d - 1. Let w be (0 - 3)/(99/(-132)). What is the remainder when t(w) is divided by 13?
6
Let x = 1290 - -210. Calculate the remainder when (-35)/(-28) - x/(-16) is divided by 32.
31
Let s(p) = -99*p. Let y be s(-10). Let n be (18/15)/((-2)/y). What is the remainder when n/45*10/(-4) is divided by 9?
6
Suppose 1004 + 1090 = 6*p. Let r(f) = 2*f**2 - 8*f - 2. Calculate the remainder when p is divided by r(9).
85
Let f = 307 - 207. What is the remainder when f is divided by 45/2 - ((-18)/(-12) - 1)?
12
Let s(r) = -12*r + 1. Let n = 30 - 33. Calculate the remainder when s(-1) is divided by (66/(-9) - -4)/(2/n).
3
Let f be (3672/(-90))/((-9)/30). Let n = f - 117. Let i = -8 - -19. Calculate the remainder when n is divided by i.
8
Suppose -6 = 28*l - 25*l, 3*v - 5*l = 646. Calculate the remainder when v is divided by 36.
32
Let f(t) = -4*t + 102. Let s be f(0). Let p = s + -63. Calculate the remainder when 231 is divided by p.
36
Suppose 1728 + 1326 = 43*j - 171. Let r = 7 + 15. What is the remainder when j is divided by r?
9
Suppose 13*s - 1044 = -732. What is the remainder when 3327 is divided by s?
15
Suppose 0 = 23*c - 14257 - 3821. Let t = 865 - c. Suppose -3*f - v + 116 = -0*v, 88 = 2*f - 2*v. Calculate the remainder when t is divided by f.
39
Suppose -56*v + 504 + 0 = 0. Suppose -18*o + 2052 = v*o. Calculate the remainder when o is divided by 30.
16
Suppose -2*n = 2*n - 12. Suppose 0 = -n*j + 7*j - 104. Suppose m = 5 + j. What is the remainder when 59 is divided by m?
28
Suppose 0 = 4*n - 5*n + 326. Let l(m) = -m**3 + 32*m**2 - 111*m + 4. What is the remainder when n is divided by l(4)?
6
What is the remainder when (-74 - (0 + 2))*(14 + 549/(-12)) is divided by 22?
15
Suppose 7*n + 294 = 20*n + 29*n. Suppose -3 = 3*u - 4*u. What is the remainder when 47 + (-2)/(-2 + u) is divided by n?
3
Suppose -6*f - 42 = -0*f. Let u = f - -7. Suppose d - 39 = -u*d. Calculate the remainder when d is divided by 22.
17
Let a(g) = -61*g**2 + 384*g + 4. Calculate the remainder when 3471 is divided by a(6).
111
Calculate the remainder when 4856 is divided by 44/(-33)*((-23)/2 - -1).
12
Suppose p - 2*p + 3 = 0. Suppose p*a = 5*a. Suppose -2*h + 16 = -a. What is the remainder when 13 is divided by h?
5
What is the remainder when 607 is divided by -2 + (-159)/(-2) - (-477)/(-318)?
75
Let g(x) = -229*x + 795. What is the remainder when g(2) is divided by 31?
27
Suppose -5*l = -9*l. Suppose 12 = k - l*k. Suppose 3*y + 133 - 523 = 0. What is the remainder when y is divided by k?
10
Let u = -23 + 50. Let s = -125 - -74. Let i = 58 + s. Calculate the remainder when u is divided by i.
6
Let u = 80 + -78. Suppose 54 = u*w - 4*k, 0 = -7*k + 4*k - 9. What is the remainder when 166 is divided by w?
19
Suppose 12*i - 10*i + 4034 = 4*g, 4039 = 4*g - i. What is the remainder when g is divided by 35?
31
Let s = 26 - 29. Let v = 55 + -73. Calculate the remainder when 218 is divided by (-399)/(-18) - s/v.
20
Let m(z) = -z**2 - 15*z - 28. Suppose -59 = 58*l - 59*l. What is the remainder when l is divided by m(-10)?
15
Let z(q) = 197*q - 1923. What is the remainder when 1126 is divided by z(10)?
45
Let v = 851 + 798. Calculate the remainder when v is divided by 110.
109
Suppose 0*b = 5*b + 20. Let g = 3 - b. Calculate the remainder when g is divided by (-8)/(-44) + (-26)/22 + 8.
0
Suppose 5*a = 5*q - 743 - 97, 176 = q - 5*a. Let d be 15/(-20) - q/(-8). Suppose 0 = -4*j + 24 - d. Calculate the remainder when 3 is divided by j.
0
Suppose 17 = 23*j - 111*j + 3625. What is the remainder when 4793 is divided by j?
37
Suppose 4*a - 133 + 29 = 0. Let q(c) = -66*c - 34. Calculate the remainder when q(-2) is divided by a.
20
Let b = 19910 + -17620. Calculate the remainder when b is divided by 12.
10
What is the remainder when 169250/110 + (-9 - 206/(-22)) is divided by 189?
27
Suppose 2*q = -16*q + 4032. Let y = q - 146. Calculate the remainder when 230 is divided by y.
74
Suppose -168 = -h - 0*h - 3*s, -4*s + 170 = h. Let r = 257940 + -257928. Calculate the remainder when h is divided by r.
6
Suppose -36 = -8*i + 4*i. What is the remainder when (-565)/(-4) + (75/4)/25 is divided by i?
7
Let a(k) = -51*k**2 - 459*k + 5. Calculate the remainder when 349 is divided by a(-9).
4
Let f(a) = a**3 - 7*a**2 + 2*a - 12. Let c be f(7). Calculate the remainder when 1/(c/5)*64/10 is divided by 6.
4
Let n(s) = -2*s**2 - 55*s - 13. Let q be n(-27). Suppose 2*g + q = 4*g. Calculate the remainder when 38 is divided by g.
3
Let r = 240 + -179. Let l(a) = -a**3 + 10*a**2 + 8*a + 26. Calculate the remainder when l(9) is divided by r.
57
Suppose -5*j + 20 = 0, 8 = 4*m - 7*j + 3*j. Let h = 11 - 14. What is the remainder when ((-30)/21)/(h/21) is divided by m?
4
Suppose -2*g - 152 = -21*g. Calculate the remainder when 278 is divided by (34 + g)*(-4)/(-6).
26
Suppose 4*d - 1088 = -3*k, -k + 1134*d - 1139*d = -348. What is the remainder when k is divided by 247?
121
Let d be (-16)/7 - -4*3/42. What is the remainder when (d/(-2))/((-15)/(-1815)) is divided by 25?
21
Let v(t) = 2*t**2 - t - 8. Let x be v(3). Suppose -140 = -4*q - 2*b, -12*b + x*b = -5*q + 145. What is the remainder when q is divided by 3?
0
Suppose b + 48 + 91 = 0. Let c = 263 + b. Let o = c + -80. What is the remainder when o is divided by 15?
14
Suppose -18*b + 5718 = 1002. Suppose 4*q - 59 - 221 = -4*z, -4*z = -2*q - b. Calculate the remainder when z is divided by 12.
7
Let u be 0 - ((-2 - -2) + -5). Suppose -536 = -13*l + u*l. Calculate the remainder when l is divided by 10.
7
Suppose -4*u = -4*v - 544, 17 - 9 = -2*v. Suppose -4*n + 88 = 28. What is the remainder when u is divided by n?
12
Let w(n) be the second derivative of -n**5/20 - 3*n**4/4 + 3*n**3 - 20*n**2 - n - 2. What is the remainder when w(-14) is divided by 69?
67
Let v = -521134 + 521196. Let u = -6 + 8. Suppose -2*p = u*p - 44. Calculate the remainder when v is divided by p.
7
Let f = -55 - -59. Calculate the remainder when 25 is divided by f/18 + 399/27*1.
10
Suppose -3*x = -3, b - x = -3*b + 127. Suppose 4*o = b + 8. Suppose 2*p - 22 = -c, -3*c + 75 = 5*p + 7. Calculate the remainder when c is divided by o.
6
Suppose 491*f = 496*f - 1100. What is the remainder when f is divided by 33/(-11) + 164/4?
30
Let n(u) = -u**2 - 49*u - 94. What is the remainder when n(-41) is divided by 213?
21
Let m(u) = -19092*u - 259. Let h(l) = 148*l + 2. Let d(s) = -259*h(s) - 2*m(s). Let v be d(-1). Calculate the remainder when 20 is divided by v/12 - 8/6.
9
Let t(i) = i**2 + 203*i - 1216. What is the remainder when 156 is divided by t(6)?
4
Calculate the remainder when (-15)/(-6)*(-19596)/(-230) is divided by 81.
51
Let m = 678 - 463. Let s = -147 + m. Let o(c) = -9*c + 1. Calculate the remainder when s is divided by o(-1).
8
Suppose -332 = -5*k - 6*c, 0 = -108*c + 111*c + 24. Let r be 8/(-1)*(-6)/4. What is the remainder when k is divided by (16/(-3))/(-4)*r?
12
Let l be (174/(-145))/(1/5). Let o(j) = j**3 + 7*j**2 - 3*j - 9. Let x be o(l). Suppose -x = -10*h + 45. Calculate the remainder when 41 is divided by h.
5
Let l = -5040 - -5101. What is the remainder when 604 is divided by l?
55
Let w be -7 + 10 - 3 - 24. Let m = 12 - w. What is the remainder when 62 is divided by m?
26
Suppose 6 = t + 2*d, 2*d = -3*t - 0*t + 38. Let l(y) = 23*y**2 - 100*y + 35. What is the remainder when t is divided by l(4)?
1
Let c be 2*(1989/36 - (-1)/4). Let x = 77 + c. What is the remainder when x is divided by 12?
8
Let s(x) = -x**3 + 30*x**2 - 48*x - 31. Calculate the remainder when s(28) is divided by 180.
13
What is the remainder when ((-4926)/4)/(81/(-54)) is divided by 73?
18
Suppose 5*x + 320 = 5*d, 437*x - 436*x = 2. Suppose -3*n = n + 4, -m - n = -35. Calculate the remainder when d is divided by m.
30
Suppose -c = 19*c - 1440. Calculate the remainder when 495 is divided by c.
63
Suppose 159*q + 3672 = 363*q. What is the remainder when 1861 is divided by q?
7
Suppose -3*h + l = -13, 3*l + 5 - 18 = -4*h. Let i(k) = 5*k**2 - 15*k + 3